15 - -534. Suppose -h*a - 607 = -o - 23*a, -4*o + 5*a + 2428 = 0. List the prime factors of o.
607
Let b be 45/5 + (-10)/2. Suppose 7*p - 3*p = -5*s + 1670, b*p + 1300 = 4*s. What are the prime factors of s?
2, 3, 5, 11
Let u(d) = -d**2 + 3*d + 861. Let b be u(0). What are the prime factors of b - -5*9/(-15)?
2, 3, 11, 13
Suppose 4*z = 4*p + 16, -5*z = 4*p + 3 + 22. List the prime factors of 1*(z + 736 - 6).
3
Let r(w) = -5*w - 29. Let n(x) = -20*x - 116. Let u(l) = -4*n(l) + 18*r(l). List the prime factors of u(-6).
2
Let p(c) = -3*c**3 - 262*c**2 + 69*c + 119. List the prime factors of p(-88).
5, 1907
Let h = 18355 - -1687. List the prime factors of h.
2, 11, 911
Let u = 8073 + 1813. List the prime factors of u.
2, 4943
Let a(x) = 469*x**2 - 34*x - 10. Let l be a(5). Suppose -25*p = -l + 2370. What are the prime factors of p?
367
Let v(g) = 4*g + 2*g**2 + 0*g - g**3 - 14 + 12 - 3*g**2. Let x be v(-3). Suppose -x*z - 316 = -4*h, h - 5*z - 71 = -6*z. What are the prime factors of h?
3, 5
Let k be (-3)/((20/(-24))/5*9). Suppose k*x - x = -4*z + 1882, -4*x = 3*z - 1405. List the prime factors of z.
3, 157
Let u be 23/7 - 4/14. Let c be (-2 + u)*(9 - 1). What are the prime factors of -26*((-100)/c)/5?
5, 13
Suppose -207 = u + 187. Let k be -123*(32/(-6) - -1 - 1). Let s = u + k. What are the prime factors of s?
2, 131
List the prime factors of (33130/4)/(300/(-40) + 8).
5, 3313
Let b be (-2 + -1)*(3 - 4). Suppose 14*a = b*a + 55. Suppose -q = 2*q - a*t - 237, 0 = -3*t. List the prime factors of q.
79
Let r = 9 + 0. Let g(b) = 6*b**2 - 6*b - 1. Let x(v) = -v**2 + v + 1. Let o(s) = g(s) + 5*x(s). List the prime factors of o(r).
2, 19
Let f be 1*(-4)/6 + 40/60. Suppose -4*d + 15*u - 10*u + 1587 = f, -2*d + 2*u = -794. List the prime factors of d.
2, 199
Suppose -2977 = -26*n - 35243. Let a = 412 - n. List the prime factors of a.
3, 19, 29
Suppose l - 3*l = -34. Let v = -144 + 254. Let x = v - l. List the prime factors of x.
3, 31
Let o(m) be the first derivative of -3*m**5/40 + m**4/8 + 7*m**3/3 - 7. Let g(i) be the third derivative of o(i). What are the prime factors of g(-5)?
2, 3
Let r(k) = k**2 - 13*k - 5. Let q(z) = z**2 + 13*z - 37. Let o be q(-15). Let i be (7/3)/o + (-14)/3. What are the prime factors of r(i)?
5, 17
Suppose 2*m + 894 = -p - 208, -5*p - 5478 = 2*m. Let h = -503 - p. List the prime factors of h.
3, 197
Suppose m + 5*w + 14 = 0, -7*m + 37 = -5*m - 3*w. Let d = m + 150. What are the prime factors of d?
7, 23
Let r be (-10 - 27783/(-45)) + 6/10. Suppose 2*h + 5*s = r, -9*h + 3*s = -6*h - 891. List the prime factors of h.
13, 23
List the prime factors of 36455/(4 - -1) + (-29 - -17).
29, 251
Let f be 686/9 + 2/(-9). Suppose 55 = 54*p + 55. Suppose 2*t - 4*v - 122 = p, v = t - 2*t + f. List the prime factors of t.
71
Suppose -3*k - 88540 = -13*k. Suppose 0 = -157*p + 138*p + k. What are the prime factors of p?
2, 233
Let d = 16691 + -7192. What are the prime factors of d?
7, 23, 59
Let p(q) = q**2 + 5*q - 95. Let r be p(-11). Let x(c) = c**3 + 30*c**2 - 3*c - 66. What are the prime factors of x(r)?
2, 431
Suppose 0 = 3*k + 27 + 9. Let p(d) be the second derivative of d**5/20 + 13*d**4/12 + d**3/2 - 17*d**2/2 - 8*d - 1. List the prime factors of p(k).
7, 13
Suppose -8*g - 42 = -6*g. Let y = g + 27. Suppose y*b - 179 = 1. List the prime factors of b.
2, 3, 5
Let m(q) = -q**3 - 3*q**2 - q + 1. Let w be m(-2). Let c(y) = -y**2 + 58*y - 415. Let u be c(50). List the prime factors of -4 - (0 - w) - u.
2, 5
What are the prime factors of (0 - 2)/((-128)/(-307232))*(-8)/4?
9601
Let u = 0 - -5. Suppose -4*n = 2*q - 2950, u*n = 5*q - 4*q - 1440. List the prime factors of q.
5, 293
Suppose 100*k - 1407563 + 131033 = 12470. List the prime factors of k.
2, 5, 1289
Suppose -8*s = -3*s - 200. Suppose 0 = 4*f - 4*z - 44, z = 5*f - z - s. Suppose -39 - 189 = -f*l. What are the prime factors of l?
2, 19
Let s(w) = 11785*w + 10. List the prime factors of s(1).
5, 7, 337
Let w(k) = 9*k - 6. Let p = -41 - -48. Let z be (p/(-6))/((-10)/60). List the prime factors of w(z).
3, 19
Suppose 16*b + 7 = 17*b. Suppose -318 = -b*k + 4. Let a = k + -6. List the prime factors of a.
2, 5
Let m be -2*(4 + (-3 - 0)). Let k be (m - 32/(-18)) + (-322275)/(-135). List the prime factors of 6/4 + k/14 + -6.
2, 83
Let n = -1843 + 7262. What are the prime factors of n?
5419
Suppose -5*k + 11*k = 24. Suppose -9*s + k*s + 990 = 0. Suppose -3*y + s = 2*z, -5*z + 4*y = 5*y - 521. List the prime factors of z.
3, 5, 7
Suppose -9*o + 60 = -4*o. List the prime factors of (2/3)/(-1)*(-7074)/o.
3, 131
Suppose -8*h = -4579 - 2629. Let a = -551 + h. What are the prime factors of a?
2, 5, 7
Let c(q) be the first derivative of -q**4/4 + 2*q**3/3 + 17*q**2/2 + 4*q + 6. What are the prime factors of c(-5)?
2, 47
List the prime factors of (-2 + 0/5)/((-30)/241605).
3, 7, 13, 59
Let n = -38 - -5. Let w = 0 - n. Suppose 4*t - 124 = -4*h, 0 = -h + 3*t + w - 6. What are the prime factors of h?
2, 3, 5
Suppose -415*n + 2959992 = -3178688. List the prime factors of n.
2, 43
Let z(k) = -7*k**2 + 11*k + 30. Let f be z(-7). Let m = f - -458. What are the prime factors of m?
2, 17
Let f(o) be the first derivative of -o**4/4 + 20*o**3/3 - 10*o**2 - 2*o - 9. List the prime factors of f(8).
2, 3, 101
What are the prime factors of 91886 - (-27)/(-15 - -6)?
11, 8353
Suppose 0 = 2*o + 12*o - 168. Suppose l - 3*t + 6 = 0, -3*l + o + 10 = -t. List the prime factors of 960/l - 4/(-12).
107
Suppose -8 = -4*q, -2*u - 3*u = 2*q - 9. Suppose -14*x + 188 = 34. Suppose x = 2*v - u. What are the prime factors of v?
2, 3
Suppose 8*s = 16*s - 2608. Suppose 0 = -15*h + 79 + s. Suppose -24*f - 873 = -h*f. What are the prime factors of f?
3, 97
Let t = 32 + -96. Let j = t + 19. What are the prime factors of -119*(-3 - j/21)?
2, 3, 17
Suppose 0*p = -5*p + 5*q - 15, 5*q = 2*p + 21. Suppose -4*c + 3*u + p*u + 83 = 0, -u = -4*c + 87. List the prime factors of (75/10 - 3)/(1/c).
3, 11
Let o = -66 + 60. Let n be (o/(-12))/((-1)/(-232)). Suppose -3*u = k - 530 + 182, u - n = -k. List the prime factors of u.
2, 29
Let s(k) = 610*k**2 + 84*k + 249. What are the prime factors of s(-3)?
3, 31, 59
Let a(q) = 13*q**3 - 8*q**2 + 9*q + 2. Let v be a(4). Let z be 2/8 - v/(-8). Let n = 131 - z. What are the prime factors of n?
2, 19
Let f be 2/3 - 760/6. Let g = f - -230. What are the prime factors of g?
2, 13
Suppose 21023744 + 23343966 = 642*g + 13287848. List the prime factors of g.
3, 11, 163
Let l(q) = 411*q - 4775. What are the prime factors of l(75)?
2, 5, 521
Suppose -7559 = -4*d + 577. List the prime factors of d.
2, 3, 113
Let z(k) = -3*k + 19. Let t be z(6). Suppose 17 = 3*a - t. Suppose -a*m + 459 = -3*m. List the prime factors of m.
3, 17
What are the prime factors of 50216 - (-31)/((-744)/(-504))?
11, 4567
Let v(u) = -3*u**3 + 21*u**2 - 4*u - 12. Let x be v(-9). Suppose 8*n - x = 2*n. List the prime factors of n.
2, 163
Let k(l) = l**3 - 7*l**2 + 4*l - 4. Suppose -2*j = -2, 0*m + 3*j + 25 = 4*m. Let a be k(m). List the prime factors of (-224)/6*(-36)/a.
2, 7
Let t be 16/10*(9/6 - -1). Suppose -4*o = -2*o + 3*l - 7, -4*l = o + t. List the prime factors of 7/1*1*(o - -1).
3, 7
List the prime factors of (4/12)/((-9)/(-66276))*3.
2, 7, 263
Suppose -9 - 9 = -6*l. Suppose -l*f = -3*r + 12, 0*r + r + 2 = 4*f. Suppose -5*h = -r*h + 33. What are the prime factors of h?
3, 11
Suppose 0 = 2*a + k - 0 - 11, 3*a - 13 = 2*k. Let m be (-1 + -4 + a)/(-2). Suppose m = -8*c + 7*c + 151. List the prime factors of c.
151
Suppose 21*j + 146256 = 3*p + 22*j, 2*p - 97521 = 5*j. List the prime factors of p.
3, 5417
Suppose -k - 2*t + 1627 = -3*t, 2*t = 4*k - 6504. Suppose 10*f - k = 15*f. Let h = -148 - f. List the prime factors of h.
3, 59
What are the prime factors of (-7 + -35)*(-2084)/12?
2, 7, 521
Suppose -594029 = -38*f - 37671. List the prime factors of f.
11
What are the prime factors of (-728 + -1)*322/(-42)?
3, 23
What are the prime factors of (10935 - -42) + 10 + (0 - (6 + -3))?
2, 1373
Suppose 0 = -2*q + 84 + 282. Let f be (5 - 2)/(q/180 - 1). Let z = f - 27. List the prime factors of z.
3, 17
Let d(x) be the second derivative of -x**3/6 - 2*x**2 - 22*x. Let a be d(-10). Suppose 7*b - a*b = 44. What are the prime factors of b?
2, 1